ainder when 339841 is divided by 56639?
7
What is the remainder when 1477 is divided by 202?
63
Calculate the remainder when 36475 is divided by 76.
71
Calculate the remainder when 20720 is divided by 24.
8
Calculate the remainder when 9998 is divided by 522.
80
What is the remainder when 4490 is divided by 215?
190
What is the remainder when 2847 is divided by 168?
159
What is the remainder when 459 is divided by 245?
214
What is the remainder when 16862 is divided by 3364?
42
Calculate the remainder when 6051 is divided by 663.
84
What is the remainder when 1009 is divided by 251?
5
Calculate the remainder when 1186 is divided by 291.
22
What is the remainder when 4532 is divided by 35?
17
Calculate the remainder when 1695 is divided by 315.
120
What is the remainder when 7095 is divided by 1052?
783
Calculate the remainder when 56346 is divided by 303.
291
What is the remainder when 4887477 is divided by 40?
37
What is the remainder when 1910 is divided by 930?
50
Calculate the remainder when 78696 is divided by 111.
108
Calculate the remainder when 2064 is divided by 896.
272
What is the remainder when 12027 is divided by 30?
27
What is the remainder when 6681 is divided by 6668?
13
What is the remainder when 408345 is divided by 5918?
3
Calculate the remainder when 1242 is divided by 143.
98
Calculate the remainder when 152880 is divided by 1890.
1680
Calculate the remainder when 7364 is divided by 1211.
98
Calculate the remainder when 86597 is divided by 90.
17
Calculate the remainder when 1814 is divided by 585.
59
What is the remainder when 33180 is divided by 1315?
305
Calculate the remainder when 224395 is divided by 1122.
1117
What is the remainder when 9632 is divided by 33?
29
What is the remainder when 853 is divided by 241?
130
Calculate the remainder when 6077 is divided by 3025.
27
Calculate the remainder when 34263 is divided by 434.
411
Calculate the remainder when 145970 is divided by 7.
6
Calculate the remainder when 40665 is divided by 1453.
1434
Calculate the remainder when 1174 is divided by 1106.
68
What is the remainder when 41321 is divided by 41304?
17
What is the remainder when 56403 is divided by 18795?
18
Calculate the remainder when 3472700 is divided by 13.
10
Calculate the remainder when 3793 is divided by 15.
13
What is the remainder when 3246633 is divided by 24?
9
What is the remainder when 7095 is divided by 322?
11
What is the remainder when 8025 is divided by 406?
311
Calculate the remainder when 28226 is divided by 28209.
17
What is the remainder when 98880 is divided by 316?
288
What is the remainder when 164670 is divided by 164659?
11
Calculate the remainder when 525443 is divided by 6.
5
Calculate the remainder when 45793 is divided by 368.
161
Calculate the remainder when 101341 is divided by 249.
247
What is the remainder when 169241 is divided by 11282?
11
Calculate the remainder when 116623 is divided by 1325.
23
Calculate the remainder when 1033724 is divided by 105.
104
What is the remainder when 1189904 is divided by 36?
32
What is the remainder when 438727 is divided by 15?
7
Calculate the remainder when 4995 is divided by 924.
375
Calculate the remainder when 17468 is divided by 2909.
14
What is the remainder when 446291 is divided by 223144?
3
Calculate the remainder when 29865 is divided by 29856.
9
Calculate the remainder when 1945 is divided by 13.
8
Calculate the remainder when 99565 is divided by 196.
193
Calculate the remainder when 1649 is divided by 6.
5
Calculate the remainder when 9508415 is divided by 96.
95
What is the remainder when 391 is divided by 106?
73
What is the remainder when 5535 is divided by 54?
27
Calculate the remainder when 34733 is divided by 26.
23
Calculate the remainder when 18168 is divided by 3213.
2103
Calculate the remainder when 664 is divided by 197.
73
Calculate the remainder when 90732 is divided by 803.
796
Calculate the remainder when 657141 is divided by 52.
17
What is the remainder when 5689 is divided by 109?
21
Calculate the remainder when 20143 is divided by 6592.
367
What is the remainder when 2395 is divided by 175?
120
What is the remainder when 10604 is divided by 8803?
1801
Calculate the remainder when 577831 is divided by 25123.
2
Calculate the remainder when 5557 is divided by 227.
109
Calculate the remainder when 8153 is divided by 2682.
107
What is the remainder when 23377 is divided by 1948?
1
Calculate the remainder when 7753 is divided by 72.
49
What is the remainder when 1916 is divided by 1904?
12
Calculate the remainder when 2219 is divided by 45.
14
What is the remainder when 714187 is divided by 61?
60
What is the remainder when 1214 is divided by 528?
158
Calculate the remainder when 23494 is divided by 226.
216
What is the remainder when 106429 is divided by 13?
11
Calculate the remainder when 131383 is divided by 294.
259
Calculate the remainder when 18127 is divided by 239.
202
Calculate the remainder when 16499 is divided by 16478.
21
Calculate the remainder when 83245 is divided by 81.
58
What is the remainder when 11082 is divided by 2937?
2271
What is the remainder when 10441 is divided by 2464?
585
What is the remainder when 418736 is divided by 19?
14
What is the remainder when 29334 is divided by 14?
4
What is the remainder when 223345 is divided by 199?
67
What is the remainder when 456617 is divided by 19?
9
Calculate the remainder when 2770 is divided by 1275.
220
What is the remainder when 13436 is divided by 130?
46
Calculate the remainder when 45022 is divided by 22484.
54
Calculate the remainder when 578258 is divided by 130.
18
What is the remainder when 3168782 is divided by 9?
8
Calculate the remainder when 78882 is divided by 1125.
132
What is the remainder when 5265 is divided by 748?
29
Calculate the remainder when 1303 is divided by 110.
93
What is the remainder when 20639 is divided by 20620?
19
Calculate the remainder when 40454 is divided by 19.
3
What is the remainder when 114385 is divided by 310?
305
What is the remainder when 10254 is divided by 203?
104
What is the remainder when 1144708 is divided by 126?
124
Calculate the remainder when 1315 is divided by 606.
103
What is the remainder when 6590 is divided by 169?
168
Calculate the remainder when 5888 is divided by 5669.
219
Calculate the remainder when 12294 is divided by 3073.
2
Calculate the remainder when 1239 is divided by 44.
7
Calculate the remainder when 975 is divided by 957.
18
What is the remainder when 37986 is divided by 535?
1
What is the remainder when 6011 is divided by 548?
531
What is the remainder when 1213 is divided by 908?
305
What is the remainder when 8432 is divided by 153?
17
What is the remainder when 70503 is divided by 716?
335
Calculate the remainder when 520041 is divided by 6.
3
Calculate the remainder when 27777 is divided by 184.
177
What is the remainder when 112149 is divided by 6229?
27
Calculate the remainder when 372966 is divided by 151.
147
Calculate the remainder when 42574 is divided by 24.
22
Calculate the remainder when 6084 is divided by 107.
92
What is the remainder when 5654 is divided by 56?
54
Calculate the remainder when 8863 is divided by 2885.
208
What is the remainder when 2103 is divided by 268?
227
What is the remainder when 23376 is divided by 23372?
4
Calculate the remainder when 42388 is divided by 30.
28
Calculate the remainder when 927 is divided by 853.
74
What is the remainder when 2739 is divided by 113?
27
What is the remainder when 2521871 is divided by 996?
995
Calculate the remainder when 76582 is divided by 24.
22
What is the remainder when 32978 is divided by 10877?
347
Calculate the remainder when 109629 is divided by 789.
747
Calculate the remainder when 74182 is divided by 28.
10
Calculate the remainder when 8429 is divided by 136.
133
Calculate the remainder when 2398319 is divided by 180.
179
Calculate the remainder when 254 is divided by 139.
115
What is the remainder when 41441 is divided by 41436?
5
Calculate the remainder when 41259 is divided by 11.
9
What is the remainder when 1044696 is divided by 306?
12
What is the remainder when 285381 is divided by 88?
85
Calculate the remainder when 88632 is divided by 88581.
51
What is the remainder when 125098 is div